t common factor of 16 and y?
4
Let m = 4 - 4. Suppose 0 = 3*b + 2*f - 110, 3*f - 185 = -m*b - 5*b. Let r be (32/(-5))/(6/(-15)). What is the highest common factor of r and b?
8
Suppose 5*d - 1 = 6*d - g, 16 = 5*d + 2*g. Suppose 3*y - 7*y + 11 = m, d*y = -5*m + 1. Suppose a = -y*a + 748. What is the greatest common divisor of 17 and a?
17
Let t be (5/(-15))/((-4)/252). Calculate the highest common factor of t and 21.
21
Suppose 9*j = 5*j + 4. Let z be (-4 - -2) + j + 21. What is the greatest common divisor of z and 160?
20
Let l = 3 + 36. Let n be -2 - (48/4)/(-1). Let k = n + l. What is the greatest common factor of 7 and k?
7
Suppose 5*h - 2 = 8. What is the greatest common divisor of h and 10?
2
Let b = -15 - -18. What is the highest common divisor of 3 and b?
3
Suppose 12 - 252 = -12*l. Let j be 79 - (-1 + 0)/1. What is the greatest common divisor of l and j?
20
Let i = -3 + 7. Suppose -64 = -i*j - 0*j. What is the greatest common factor of j and 32?
16
Suppose 68 = x + 4*q, 2*x + 3*x - 5*q - 440 = 0. Let h = x + -46. What is the greatest common factor of 19 and h?
19
Let q be (-390)/6*(-9)/15. What is the highest common factor of 52 and q?
13
Let y = 44 - 26. What is the greatest common factor of y and 126?
18
Let b(j) = 2*j + 3. Let t(k) = k + 2. Let y(g) = -3*b(g) + 5*t(g). Suppose 0 = -5*z - 0*z - 15. Let r be y(z). Calculate the highest common divisor of r and 44.
4
Let o(b) = 6 - 1 + 3*b + 4*b + 2*b**2 + b. Let a be o(-5). What is the highest common factor of a and 5?
5
Let d = 2 + 2. Suppose 0 = n - d. Calculate the greatest common factor of n and 20.
4
Let q be ((-6)/3)/((-8)/440). Let b be q - (-5)/((-15)/(-6)). Calculate the greatest common factor of 16 and b.
16
Let q(r) = -2*r + 10. Let k be q(7). Let p be (2/k)/(5/(-40)). Suppose p*v + 6 = 86. Calculate the highest common factor of 5 and v.
5
Let f = 28 - 41. Let k = 21 + f. Calculate the highest common factor of 24 and k.
8
Let z = 3 + 22. Calculate the greatest common divisor of 100 and z.
25
Suppose -2*l + 30 = 4. Calculate the greatest common divisor of 26 and l.
13
Let k(a) = a**2 - 4*a + 6. Let m(t) = -t + 3. Let x be m(-4). Let v be k(x). What is the greatest common factor of 81 and v?
27
Let h be ((-4)/(-3))/((-2)/(-39)). Let p = 6 - h. Let m be (-45)/p + 1/(-4). Calculate the highest common factor of m and 8.
2
Let n = -30 - -36. Calculate the highest common factor of 6 and n.
6
Suppose 23 = 2*g - 23. Calculate the highest common divisor of 207 and g.
23
Let r = -35 + 25. Let j = 11 + r. Let l be (0 + 0)/(-1) + 5. What is the highest common divisor of l and j?
1
Let z(n) = 2*n**2 - n - 3. Let u be z(-2). Calculate the highest common factor of u and 119.
7
Let y(s) = -s**2 - 11*s + 6. Let g be 12/(4/(-8) + -1). Let b be y(g). Calculate the greatest common divisor of b and 45.
15
Let i be (26/(-3))/((-1)/6). What is the greatest common divisor of i and 13?
13
Let x be ((-4)/1)/((-5)/(-385)*-2). What is the highest common factor of 14 and x?
14
Suppose 2*h = -4*s + 22, 4*h = -h - 4*s + 85. What is the greatest common divisor of h and 14?
7
Let x(q) = q**3 + 9*q**2 - q - 6. Let a be x(-9). What is the greatest common factor of 9 and a?
3
Let f(m) = m + 20. Let z be f(-16). What is the greatest common divisor of z and 20?
4
Suppose -l + 2*l = 40. Let t = -8 + l. Calculate the highest common divisor of 48 and t.
16
Suppose 4*f + 36 = 7*f. What is the greatest common factor of 18 and f?
6
Let r(w) = -5*w**2 + 42*w**2 - 3*w + 3*w - w. Let i be r(1). Let q = -37 - -55. Calculate the highest common factor of q and i.
18
Suppose -4*p = 4*i + 29 - 777, 0 = -4*i + 3*p + 748. What is the greatest common divisor of i and 17?
17
Let g(q) = -28*q + 4. Let u(j) = -j**2 - 5*j - 2. Let k be u(-5). Let z be g(k). What is the greatest common factor of 24 and z?
12
Suppose 5*f - 11 + 1 = 0. Let d be (8/(-3))/(f/(-39)). Suppose 2*v = 6*v - d. What is the highest common divisor of 26 and v?
13
Let o be (1 + -13)/((51/(-72))/17). Calculate the greatest common factor of 36 and o.
36
Let c be (-2)/3 + 22/33. Suppose -a - 4*a = c. Suppose -h + 44 + 21 = a. Calculate the highest common factor of 26 and h.
13
Let k = 29 + -3. Let c be (-5)/(5/(-39))*1. Calculate the greatest common divisor of k and c.
13
Let o = 27 - 22. Calculate the highest common divisor of 20 and o.
5
Let u(o) = -o**2 - 5*o + 6. Suppose 12 = 5*f - 8. Let a be u(f). Let l = -16 - a. Calculate the greatest common divisor of l and 7.
7
Let a be ((-2)/4 + 1)*4. Let m(k) = -a*k**2 - k**2 + k**2 - 9*k**3 - k. Let q be m(-1). What is the greatest common factor of q and 56?
8
Suppose -32 = -3*i + 100. What is the highest common factor of 11 and i?
11
Suppose 2*h = 5*q - 10, -3 = 2*q - 5*h - 7. Let l = -1 + 11. What is the greatest common divisor of l and q?
2
Suppose 2*t + 7 = 2*n + t, -n - 24 = 5*t. Let k be n - (-1 - -1) - -3. Suppose 0 = -k*c + 46 + 98. Calculate the greatest common factor of c and 9.
9
Suppose 0 = -t - o - 2 + 11, -5*o = 2*t - 30. Suppose -8 + 3 = -t*i. Let b be (4 - 2)/i + 9. Calculate the highest common divisor of b and 11.
11
Suppose 2*f + 4*g + 8 = 0, 3*g + 22 = 5*f + 3. Calculate the greatest common divisor of 8 and f.
2
Let f = 19 + 2. Calculate the greatest common factor of f and 231.
21
Let b = 92 - 65. Calculate the greatest common divisor of 54 and b.
27
Suppose 4*r + 33 = 97. Suppose 4*z = -r, 0 = -3*u - 0*z + 2*z + 473. What is the highest common factor of u and 62?
31
Let m(h) = -h**2 + 4*h + 7. Let w be m(5). Let v be 61 + 3*(w + -1). Calculate the highest common factor of v and 16.
16
Let d(u) be the first derivative of -7*u**2/2 + 3*u - 3. Let h be d(-6). Calculate the highest common factor of 18 and h.
9
Let t be -1 + 4 + (-8)/4. Let m(d) = -47*d**2 + d - 1. Let o be m(t). Let c = -34 - o. Calculate the greatest common divisor of 52 and c.
13
Suppose 8*l + 96 = 11*l. Calculate the highest common factor of l and 4.
4
Let q(t) = 4*t - 12. Let c be q(10). Suppose n - c = -n. Let z be (2 - n/5)*-35. What is the greatest common divisor of 7 and z?
7
Let f = 26 - 10. Calculate the greatest common divisor of 128 and f.
16
Suppose -8*r + 3*r = -10. Suppose 8*g = -2*k + 3*g + 11, r*k - 51 = 3*g. Calculate the greatest common divisor of k and 45.
9
Let a(y) = -y**3 - 6*y**2 - 2*y + 2. Let o be a(-6). What is the highest common factor of 14 and o?
14
Let r(d) = -d**3 + d**2 + d - 2. Let v = 2 - 2. Let s be r(v). Let p be s/(-9) + (-63)/(-81). What is the highest common divisor of p and 11?
1
Let w = 17 + -14. Calculate the highest common divisor of w and 12.
3
Let g(i) = i - 5. Let o be g(9). Let y be (0 - 6)*(-80)/30. Calculate the highest common divisor of y and o.
4
Let k(y) = y**3 + 6*y**2 - 2*y - 7. Let g be k(-6). Suppose 3*o + 2*t - 7*t - 30 = 0, 5*o - 22 = -t. Calculate the greatest common factor of g and o.
5
Suppose 5*f + 1 = -5*b + 6, 11 = b - f. Suppose 0*m - 216 = 4*m. Let p = m + 78. Calculate the greatest common divisor of b and p.
6
Let y(j) = 3*j + 7. Let s = -12 - -17. Let h be y(s). What is the greatest common factor of h and 242?
22
Let z be 2/5 - (-318)/5. Let h be -6 + (-1 - -2 - 1). Let p = 10 - h. What is the highest common divisor of p and z?
16
Let k(q) = -q**3 + 7*q**2 - 7*q + 8. Let o be k(4). What is the greatest common factor of 28 and o?
28
Suppose -8*t + 4*t + 100 = 0. What is the highest common divisor of 5 and t?
5
Suppose 5*l + 5*d = 2*d - 2, -3*d - 12 = 0. Calculate the greatest common factor of l and 10.
2
Suppose 6*r = 8*r - 84. Let v = -4 - -7. Suppose -21 - 21 = -v*w. Calculate the highest common factor of r and w.
14
Suppose 60 = -0*v + 5*v. Suppose -5*b + 4*b = -36. Calculate the greatest common divisor of b and v.
12
Suppose -4*p - 3*i = -0*p - 33, -3*i + 45 = 5*p. Let k(n) = -18*n - 172. Let u be k(-10). Calculate the greatest common divisor of p and u.
4
Suppose -475 = -7*h + 162. Calculate the highest common divisor of h and 7.
7
Let x = 2 - -12. Let l be (-56)/3*(-8 - -5). Calculate the highest common divisor of l and x.
14
Let i(o) = o**2 + 2*o + 6. Let j be i(-8). Suppose 8 = u + 5. Suppose -74 = -u*d + 34. Calculate the greatest common divisor of j and d.
18
Let g = -1 - -3. Suppose -4*q + 5*w + 6 = -4, -3*q - w = g. Suppose 0*v + 4*v + t - 54 = q, 69 = 5*